 -9*g - 204 + 663 = 0. What is the tens digit of g?
5
Suppose 73 + 127 = 4*o. What is the units digit of o?
0
Let u = 7 + -12. What is the tens digit of (10 - 3)*(-3 - u)?
1
Suppose -338 = -3*q + t, q - 164 = t - 54. What is the hundreds digit of q?
1
Let o(s) be the second derivative of 1/12*s**4 + 6*s**2 + 0 - s - 1/20*s**5 + 1/6*s**3. What is the units digit of o(0)?
2
Let w = 59 + 130. What is the hundreds digit of w?
1
Suppose 2*k + 4*n - 3*n - 18 = 0, 4*k - n - 36 = 0. What is the units digit of k?
9
Let i be 26/10 - (-3)/(-5). Suppose 22 = 3*l - i. What is the units digit of l?
8
Suppose 0 = 4*v - 5*v - 5*p - 12, -4*p = -v - 30. Let i = v + 69. Suppose -3*t - 4*z = -i, -4*t + 2*z - 2 = -28. What is the units digit of t?
9
Suppose -2*j = -3*c - 460, 834 = 4*j - 4*c - 78. What is the units digit of j?
4
Let f(i) = 5*i**2 + i - 6*i**2 + 0*i + 4 - 7*i. What is the units digit of f(-5)?
9
Let g be 1 - (-2 - (-2)/(-2)). Suppose 3*o = -0*p + g*p - 52, -o = 4. What is the units digit of p?
0
What is the tens digit of ((-67)/(-2))/(1/2)?
6
Let k(a) = -22*a + 4. Let f be k(-2). Suppose 0 = -2*m + f + 22. What is the tens digit of m?
3
Suppose -x - 3*x + 12 = 0. What is the tens digit of 140/15 - (-2)/x?
1
What is the units digit of -1 + (0 - 1)*-19?
8
Suppose 4*q + 3*i = 78, -5*i - 3 + 14 = q. What is the units digit of 1/3 + 350/q?
7
Suppose -3*j = -6, 17 = -5*c + 4*j - 16. Let v = -1 - c. What is the units digit of v?
4
Let c = 6 - -16. What is the tens digit of c?
2
Let c(t) = t**2 - 13*t - 12. Let n be c(14). Suppose n*m - 48 = -4. What is the tens digit of m?
2
Suppose 2*o = -0*o. Let z = o - 2. What is the units digit of (10 - (-1 - z)) + 0?
9
What is the tens digit of (-367)/(-9) - (-2)/9?
4
Let w(z) = 2*z**2 + 3*z + 4. Let h(o) = -3*o**2 - 7*o - 9. Let j(k) = 3*h(k) + 7*w(k). Let d be j(1). What is the units digit of ((-2)/d)/(6/(-54))?
3
Suppose -4*g + 5*s + 12 = 0, 1 - 7 = -g + 2*s. Let f = g - -7. Let p(l) = 2*l - 5. What is the units digit of p(f)?
5
Let y(h) = 7*h**2 - 3 + 4 + 4*h**2 - h. Suppose 23*o - 26*o = -3. What is the tens digit of y(o)?
1
Let z(v) be the third derivative of v**4/24 + 2*v**3 + v**2. Let h = 5 + -16. What is the units digit of z(h)?
1
Let d(l) = -34*l**2 + 1. Let z be d(-1). Let k = z + 46. What is the units digit of k?
3
Suppose 2*p + 0 + 4 = 0, 0 = 4*i + 2*p - 148. What is the tens digit of i?
3
What is the units digit of 3 - (-632)/3 - 10/15?
3
Let n = -78 + 131. What is the units digit of n?
3
Let d = -6 + 6. Suppose -5*h - 2*j + 28 + 30 = d, 5*j + 5 = 0. What is the tens digit of h?
1
Let j = 3 - 0. Let p = 1 - j. What is the units digit of 8 - (0 + (p - -1))?
9
Let f = -48 + 118. What is the units digit of f?
0
Suppose -2*t = l - 6, t + 4*l + 4 = -0*l. What is the units digit of t?
4
Let x be 7/(-14) + 7/2. Suppose -50 = -x*h - 2*s + 24, 3*s + 110 = 4*h. What is the units digit of h?
6
Suppose -5*a + 1265 = -175. What is the tens digit of a?
8
Suppose g + 108 = 5*k, -g - 1 - 2 = 0. Let s = k - 14. Let o = 10 - s. What is the units digit of o?
3
Let q(t) be the second derivative of -4*t**3/3 + t. Let s be q(-3). Suppose s = r + r. What is the tens digit of r?
1
Let d(t) = -t**3 + t. Let n be d(1). Suppose 4*y - 38 + 2 = n. What is the units digit of y?
9
Let w = -49 + 83. What is the tens digit of w?
3
Let k be 36/(-10)*(-4)/(24/15). Suppose -6*i + 5*i - 29 = -2*m, 70 = 5*m - 2*i. What is the units digit of -10*-2*k/m?
5
Let u(c) = -c + 1. Let j be u(-3). Suppose 2*w = w + 3. Suppose 0 = q + w*i - 21, j*q - 5*i + 3 = 2. What is the units digit of q?
6
Let j(q) be the first derivative of 11*q - 3 + 1/2*q**2. What is the units digit of j(-6)?
5
Suppose 5*o - 2*o + 2*y - 22 = 0, 2*o + 7 = 3*y. Let w = 96 - 57. Suppose s + w = o*s. What is the tens digit of s?
1
What is the hundreds digit of (3/6)/(1/254)?
1
Suppose -2*j + 5*y - 62 = -365, -2*j = 4*y - 294. What is the units digit of j?
9
Suppose 3*q - 315 + 99 = 0. What is the tens digit of q?
7
Let q(y) = -2*y**2 - 2*y. Let u be q(-2). Let i = u - -8. What is the units digit of i?
4
Let q(p) = 6*p - 3. Let r be q(2). Suppose 3*d - r = z - 2, 0 = 4*d - 2*z - 10. Suppose 0 = 2*o - 5*o - d*l + 1, 3*o - 2 = -l. What is the units digit of o?
1
Let j(x) = -11*x + 10. What is the tens digit of j(-6)?
7
Suppose -3*x = -17 - 55. What is the units digit of x?
4
Let u(a) be the first derivative of 5*a**2/2 + 3*a + 6. What is the units digit of u(3)?
8
Suppose 3*g - 2*l = -18 + 41, -24 = -4*g + l. Suppose -g = -n - 5*f, n - 3*n = -2*f - 34. What is the tens digit of n?
1
Suppose 0 = -2*k + 4, 3*k = -2*n - 0*k + 10. Suppose -n*f - 55 = -3*i, i + 0*i - 5*f - 27 = 0. What is the tens digit of i?
1
Let f be 1*(-2 + 5)*-2. Let n(j) = -4*j**2 + 6*j - 1. Let w(y) = -y**2. Let v(b) = -n(b) + 5*w(b). What is the units digit of v(f)?
1
Suppose 0 = o + 2. What is the units digit of o/(-2 - 0) + 0?
1
Suppose -26*h = -30*h + 512. What is the hundreds digit of h?
1
Let v be (-78)/(-21) - (-2)/7. Suppose j - 16 = -4*r, -3 + v = -r. What is the units digit of j?
0
Let r = -6 - -7. Suppose 0 = z - 8 - r. What is the units digit of z?
9
Let i(y) = -y**3 - 8*y**2 - 4*y + 5. What is the tens digit of i(-8)?
3
Suppose -q + 8 = q. Suppose q*c = -3*h + 107, 0*h - 2*h = -3*c + 59. What is the tens digit of c?
2
Suppose -a - 85 = 4*a. Let f = a + 29. What is the tens digit of f?
1
Let u(j) be the first derivative of -j**4/12 - 2*j**3 - j**2 - j - 1. Let q(g) be the first derivative of u(g). What is the units digit of q(-11)?
9
Let j(v) = -4*v + 1. Let u be j(-5). Suppose -u = 5*i - 61. What is the units digit of i?
8
Suppose 2*v - 87 = -5*f - 25, 2*v + 22 = f. Suppose g - f = -4*n, -3*n = 2*g + 2*n - 16. What is the units digit of (-148)/(-10) - g/10?
5
Suppose 0 = -4*h - 2*p + 136, 4*h + 3*p - 24 = 3*h. What is the units digit of h?
6
Let r(o) = o**2 - 5*o. Let l = -8 + 13. Let b be r(l). Suppose b = -n - 0 + 2. What is the units digit of n?
2
Let k be -3*3/(-9)*-3. What is the units digit of 12/((-3*1)/k)?
2
Let o = -4 - 3. What is the units digit of (-109)/o + (-3)/(-7)?
6
Suppose -219 = -2*s - s. What is the units digit of s?
3
Let a(l) = 9*l - 5. Let c(p) = 10*p - 6. Let m(i) = 7*a(i) - 6*c(i). Let y be m(6). Let d = y + -8. What is the tens digit of d?
1
Let v be -1 - 6*(-3)/6. What is the units digit of v*((-54)/(-4) + -2)?
3
Suppose n - 3*g = -0*g + 86, 5*n = -3*g + 358. What is the units digit of n?
4
Let t(y) = y**2 - 11*y - 17. What is the tens digit of t(14)?
2
Let n = 28 + -20. What is the units digit of n?
8
Suppose c + 4*b - 3*b - 139 = 0, -3*c + 411 = b. What is the hundreds digit of c?
1
Let m = 10 - -44. What is the tens digit of m?
5
Let w(j) = -13*j. What is the units digit of w(-3)?
9
Suppose -4528 = -20*a + 1832. What is the units digit of a?
8
Let a(s) = 16*s + 1. Let l be a(6). Suppose -5*z + 2*w + 58 = -l, 0 = 3*w + 15. What is the units digit of z?
9
Suppose 3*q + 6 = 135. What is the tens digit of q?
4
Let n be 300/(-3)*(-2 - -1). Suppose 0 = j - 3*j + n. Suppose g + j = 3*k, 2*g - 8 = -k - 2*g. What is the units digit of k?
6
Suppose -4*l + 34 = 2*g, -42 = -3*l - 0*g + 4*g. What is the units digit of l?
0
Let n = -26 + 43. What is the units digit of n?
7
Suppose 4*m = -f + 5*m + 47, 0 = 4*f + 3*m - 174. Suppose -2*u = 3*u + 5*l + f, 0 = -2*u + 3*l - 43. What is the units digit of 6/21*u/(-2)?
2
Suppose -6*f + 25 = -f. Let a(c) = -f*c + c**2 - c**2 + 2*c**2 - 4. What is the units digit of a(4)?
8
Suppose -2*p + 143 = -f, 0 = -p - 2*p + 5*f + 197. Suppose 29 = -5*y + p. What is the units digit of y?
9
Let r be 30/(-2*(2 - 3)). What is the units digit of 2/(-1) + 5 + r?
8
Let x be (0 - 3)*(4 + -7). Let r(q) = q + 4. What is the units digit of r(x)?
3
Let m(u) = 1 - u**2 + u**3 + 2*u + 2*u - 5*u + 0*u**2. Let o be m(1). Suppose q - 3*q + 16 = o. What is the units digit of q?
8
Suppose 0 = 2*x - 5*x + 150. What is the tens digit of x?
5
Suppose y - 4*t - 23 = 0, -5*y = -3*y + 5*t - 111. What is the tens digit of y?
4
Suppose x - 2*o - 2 = 3*x, -4*x + o = -6. Let g(s) = 0 + 0*s + x + 3*s. What is the units digit of g(1)?
4
Let w(i) = -6*i - 32. What is the units digit of w(-13)?
6
Let v = 5 - 1. Suppose 122 = 5*z + 12. Suppose -v*l = -2*l - z. What is the units digit